7 + 2*l - 8. Suppose -j - 2 = -2*j. Let t(k) = j*c(k) + 5*r(k). Give t(-8).
2
Let m(a) = -5*a - 24. Let n be m(-5). Suppose -3*w + z = -n, -12 = -w - 2*z - 0*z. Let l(r) = 14 - 9*r + r**w - 6*r + 3*r. Give l(10).
-6
Let i be 10/(0 - 2)*650/10. Let x = -329 - i. Let n(t) = -4*t + 2. What is n(x)?
18
Let p be (35/(-5) + 20/6)/(1/3). Let n(b) = b**3 + 13*b**2 + 18*b - 21. Give n(p).
23
Let x be (4/4)/(3/(-6) + 1). Suppose 3*y = -5*g + 160, -x*y - 31 - 65 = -3*g. Let t(m) = -5*m - 21 + g + 10*m - 15. What is t(5)?
21
Let o(g) = g + 13. Suppose -5*f + 2*n - 7 = 61, 4*f = -3*n - 59. Let a be -1*77/f*-2. Calculate o(a).
2
Let a(s) be the third derivative of 11/6*s**3 - 1/12*s**4 + 32*s**2 + 0 - 5*s. Determine a(9).
-7
Let a(h) = -2*h - 9. Let x(d) = -16*d**2 + 17 - 16 - 2*d**3 + 18*d + 0*d**3 + 3*d**3. Let n be x(15). Suppose n - 10 = -6*i. What is a(i)?
3
Let z(k) be the second derivative of -k**5/20 + 7*k**4/12 - 2*k**3/3 - 10*k**2 - 418*k + 2. Give z(6).
-8
Suppose c + b - 4*b = 28, -31 = -2*c + b. Let k = 17 - c. Let p(a) = -8*a + 2*a + 1 + a**3 + 2 - 3*a**2 - 1. Determine p(k).
-6
Let v(s) be the first derivative of -1/3*s**3 + 11*s + 57 - 7/2*s**2. Determine v(-9).
-7
Let m(i) = -4*i - 4. Let u(w) = -2*w**2 - 31*w - 86. Let n be (-17)/((-136)/(-64)) + -4. Let t be u(n). Determine m(t).
4
Let s(g) = -6*g**3 + 2*g**2. Let z(b) = -11*b**3 + 6*b**2 - 76*b - 265. Let o(u) = 2*s(u) - z(u). Give o(-4).
-7
Let b(q) = -q + 4. Let x be (-1154)/(-10) - (-6)/10. Let d be 12/90 + x/30. Suppose 36*n = 37*n - d. What is b(n)?
0
Let k(j) be the first derivative of -4*j**2 - 10*j - 1/3*j**3 - 38. Determine k(-7).
-3
Let l be ((-69)/(-12) - (2 - 0))/((-1623)/(-2164)). Let k(c) = -17*c + 8. Let w(z) = 9*z - 4. Let n(j) = 6*k(j) + 11*w(j). Calculate n(l).
-11
Let l = 148 + -150. Let n be (-1)/(l/8 + 0). Let a(x) = -5*x**2 - 13*x + 4. Let m(q) = -q**2 - 3*q + 1. Let b(y) = -2*a(y) + 9*m(y). Determine b(n).
13
Suppose -2*q - 1 = -34 + 5. Let k(r) = r**2 - 11*r - 10. Determine k(q).
32
Let x(t) = t**2 - 11*t + 4. Let d be 5/(-30) + 310/60. Suppose -2*m + 4*f = -14, -f = -d*m + 29 + 24. Determine x(m).
4
Let m(y) = -3*y**2 - 6444*y**3 - 4 + 3*y**2 + 16 + 14 + 6443*y**3. Let x be 1/4 + 2/(-8). Calculate m(x).
26
Let t(p) be the second derivative of -2/3*p**3 - p**2 + 0 - 62*p. Calculate t(-2).
6
Let v(i) = 5*i - 44. Let l be v(13). Let h(y) = -49 + 35 + l + 0*y - y. Determine h(14).
-7
Let r(n) = -2*n**2 + 8*n + 12. Let u = 587 - 581. Calculate r(u).
-12
Suppose -7*o = -70*o - 189. Let i(g) = g**3 + 4*g**2 - g - 2. What is i(o)?
10
Let q(c) = 5*c - 3. Let o(x) = 3*x**2 + 3*x - 219. Let v be o(8). Give q(v).
-18
Let z(h) = 11958*h - 11955*h + h**3 - 11*h**2 - 24 - 13. Calculate z(11).
-4
Suppose -21*m + 126 = -7*m. Let h(o) = o**2 - 11*o - 18. Determine h(m).
-36
Let i(t) = -t**3 - 3*t**2 + 6*t + 1. Let w(z) be the second derivative of z**5/20 - 5*z**4/4 - z**3/6 + 11*z**2/2 - 57*z. Let b be w(15). Give i(b).
-7
Let n(o) be the first derivative of 0*o + 0*o**3 - 13/4*o**4 + 116 + 1/2*o**2. What is n(-1)?
12
Suppose 5*g - 19 = f + 8*g, -4*f = -2*g + 20. Let z = -22 - -22. Let a(n) = 7*n - 5*n - 3*n + z*n - 7. Give a(f).
0
Let l(j) = 2*j. Let s(x) = -11*x + 1. Suppose -r + 14 = -5*w - 41, 15 = -3*w. Let b(a) = r*l(a) + 5*s(a). What is b(4)?
25
Let l(w) = 2*w**2 + w. Suppose -2*d - 2*z + 8 = 88, 0 = 2*d + z + 76. Let t be -1*5 - 63/d*4. Determine l(t).
10
Let i be (-1945 - -1977)*(-6)/(-64). Let z(a) be the third derivative of -a**6/120 + a**5/60 + a**4/8 - a**3/2 - a**2. Give z(i).
-12
Suppose 0 = -9*u + 4*u + 25. Let m(q) = -63*q - 1002. Let t(y) = -5*y - 91. Let x(d) = -m(d) + 11*t(d). Give x(u).
41
Suppose 28*g = 31*g - 18. Let o(v) = -50*v**2 - 46*v**2 + 99*v**2 + 1 + g*v - v**3 - 7. Calculate o(5).
-26
Let k(m) = -4*m - 3. Let g be k(-2). Let s(r) = -6*r**3 - 456*r**2 + r - 2. Let f(w) = -w**3 - 92*w**2 - w + 1. Let a(u) = -5*f(u) + s(u). Determine a(g).
-2
Suppose 35*s + 67*s - 1836 = 0. Let k(q) = -10*q + 174. Calculate k(s).
-6
Suppose 16*y - 2*j + 6 = 14*y, 2*j - 1 = -3*y. Let h(l) = -14*l - 7. Calculate h(y).
7
Let l(n) = 40*n + 12. Let c(u) = -6*u - 3. Let w(q) = -6*c(q) - l(q). Calculate w(3).
-6
Let d(p) = -2*p - 6. Let w = -112 - -121. Suppose w*g = g - 32. Let j be 36/27 + (-10)/3 + g. Give d(j).
6
Let a(s) be the second derivative of -s**3/6 + 8*s**2 + s. Suppose 10 + 10 = -3*r + 4*z, -31 = 4*r - z. Let d be (0/2)/(r - (-10 - -1)). What is a(d)?
16
Let n(d) = 684*d + 2052. Let l be n(-3). Let a(h) be the second derivative of -1/20*h**5 - 1/2*h**2 - 1/2*h**3 - 4*h + l - 1/3*h**4. Calculate a(-2).
-3
Let h(s) be the second derivative of 0*s**2 + 0 - 150*s + 2/3*s**3. Let a(p) = -2*p**2 + 1. Let n be a(-1). Calculate h(n).
-4
Let r(v) = 3*v**2 - 174*v + 184. Let q be r(57). Let f(b) = b**2 - 11*b - 17. Determine f(q).
9
Let f(r) = 328*r + 4. Let v(b) = 262*b + 4. Let m(q) = -4*f(q) + 5*v(q). Give m(4).
-4
Let p(w) = 3569*w**3 + w**2 - 7140*w**3 + 3572*w**3 - 3 + w. Calculate p(0).
-3
Let j(t) = 138*t - 414*t + 39 + 130*t + 142*t. Give j(9).
3
Let o(m) be the first derivative of -3*m**2/2 + 122*m + 1808. Give o(40).
2
Let d(l) be the second derivative of -l**5/20 - 5*l**4/6 - l**3 - 11*l**2 - 21*l + 56. Determine d(-9).
-49
Let h(m) = m**3 - 4*m**2 - 27*m - 7. Suppose -291*f + 1246 = -1608 + 526. Calculate h(f).
33
Let t(k) be the first derivative of 23*k**6/360 + k**5/60 - k**4/24 - 34*k**3/3 + 22. Let s(m) be the third derivative of t(m). Calculate s(1).
24
Let a(m) = -11*m - 1. Let p(k) = -171*k + 174*k + 22 + 3. Let t be p(-8). Let x = t + -2. What is a(x)?
10
Suppose f - 4*w = 18, -511 = -3*f + 2*w - 497. Let s(q) = 4*q**3 - q**2. What is s(f)?
28
Let j(z) = z**3 + 7*z**2 + 10*z + 9. Let a(v) = -v**3 - 50*v**2 - v - 56. Let w be a(-50). What is j(w)?
-15
Let u(w) = -4 - 6*w**2 + 11*w + 2 + 8 - 2. Let j be u(2). Let y(m) be the first derivative of -m**4/2 + m**3/3 + m**2 - m - 1. Give y(j).
-9
Suppose -13 = -3*n + 2, -n = 4*l + 179. Let x = l - -59. Let p(f) = -24*f + 12*f + x*f + 4. What is p(-8)?
-4
Suppose 5*x - z + 53 = 0, -2*x - 26 = -5*z + 3*z. Let y be (-130)/35 - x/(-35). Let o(w) = -9*w + 2. Give o(y).
38
Let t(w) = 4*w - 3. Suppose -2*d - 3*f + 4*f = -166, -2*d + 3*f = -162. Suppose d = 13*g + 15*g. What is t(g)?
9
Let x(y) = -5*y + 8. Let h be x(0). Let g(b) = -2*b + h*b**2 + 7*b**2 + 9*b - 14*b**2. Let r be (-208)/36 + (-2)/9. Give g(r).
-6
Let y(m) = -2*m**3 - 89*m**2 + 7*m + 4. Let g(t) = 7*t**2 + t. Let x(b) = 11*g(b) + y(b). What is x(-7)?
-24
Let s(j) = 1. Let f(u) = -u - 10. Let g(h) = -f(h) - 5*s(h). Let i(l) = l + 9. Suppose -45*w - 210 = -30*w. Let b be i(w). Calculate g(b).
0
Let k = -5472 - -5501. Let v(l) = l**2 - 20*l - 257. Determine v(k).
4
Let y(r) = -18*r + 15. Let d = -10869 - -10870. Determine y(d).
-3
Let u(a) = 6*a**3 - a**2 + a - 1. Let t be 3*10/(-405) - 406/(-378). Determine u(t).
5
Let c(y) be the first derivative of -2*y**3/3 - y**2/2 + y - 1. Let a(x) = -x + 2. Let r be a(-8). Suppose 2*m + 2 = 3*j - 7*j, 0 = 2*m + r. What is c(j)?
-9
Let f be 165/(-11)*2/(-3). Let j(v) = 6*v**2 - 6*v**2 + v - 3 + f*v + v**2. Let r be (88/12)/(2/(-3)). Give j(r).
-3
Suppose 0 = -2*z - z + 6. Suppose 0*w - 3 = -k - z*w, 5*k + 4*w - 21 = 0. Let f(i) = -i - i**3 - i + k + 6*i**2 - 4*i. Give f(5).
0
Let m(j) be the third derivative of 1/120*j**5 - 7/12*j**4 + 0*j**3 - 8*j**2 + 0 + 0*j + 1/720*j**6. Let y(v) be the second derivative of m(v). What is y(2)?
3
Let l(h) be the first derivative of 14*h**3/3 - 5*h**2/2 - 21*h - 6913. Calculate l(-3).
120
Suppose 3*v = -21*f + 23*f + 3, 4*v + 3*f = -30. Let u(m) = 4*m**2 + 6*m + 10. Determine u(v).
28
Let y(g) = -7*g - 170. Let q(k) = -511*k - 12432. Let b(h) = 2*q(h) - 147*y(h). What is b(0)?
126
Let z(a) = 3*a**2 + a + 2. Let d(r) = 2*r**3 - 15*r**2 - 8*r - 8. Let p be d(8). Let x be -4*(-2)/p*2. Give z(x).
12
Let s(q) = -4*q + 5. Let x be (-30)/(-4)*((-520)/3)/(-13). Suppose 6*t - 76 + x = 0. Calculate s(t).
21
Let h(f) be the third derivative of -17*f + f**2 + 1/30*f**5 - 1/6*f**4 + 0 + 1/2*f**3. Give h(2).
3
Let x(u) = -u**2 - 3*u - 4. Let f = 65 - 64. Let a be 3/6 + f/(-2)*9. Let m be x(a). Let q(i) = i**2 + 7*i - 2. Calculate q(m).
6
Let x(g) = -2*g**3 - 5 + 2170*g - 6506*g + 2162*g +